 Let k(q) = q**3 - q**2 - q + 5. Give k(n).
5
Let v(b) = b + 1. Suppose 2*i = -3*l - 3*i + 2, 0 = -3*l + 2*i - 5. Let f be (l/(-3))/(1/45). Let c be (f - 16) + (-1 - 4). Calculate v(c).
-5
Let c(b) = 2*b. Suppose 6 = -3*s - 0*s, p - 7 = s. Suppose 2*t - 12 = p*t. Give c(t).
-8
Let j be (-70)/(-8) - (-45)/(-60). Let o(y) = -11*y**2 - 4*y + 20. Let d(q) = 4*q**2 + q - 7. Let i(k) = j*d(k) + 3*o(k). Give i(-3).
7
Let z(y) = y**2 - 12*y - 4. Let x(g) = -4 - 14*g + 0*g + 3*g + g**2. Let f(o) = -4*x(o) + 3*z(o). Calculate f(6).
16
Let i(x) = -x**2 - 2*x. Let a(d) = 3*d**2 + 12*d. Let s(w) = -a(w) - 4*i(w). What is s(6)?
12
Let m(s) = -s**2 + 6*s - 4. Let w be m(4). Let u(c) = 12 - 8*c + 30*c - 13*c. Let n(k) = -5*k - 7. Let r(y) = -11*n(y) - 6*u(y). Calculate r(w).
9
Suppose 0 = -17*t - 6*t - 115. Let w(l) = -l - 2. Calculate w(t).
3
Let c(r) be the first derivative of r**5/20 + r**4/6 + r**3/2 + 3*r**2/2 - 17*r - 26. Let a(d) be the first derivative of c(d). What is a(-2)?
-3
Suppose -5 = -4*w + 11. Let h(k) = 5 + 2 + 2*k - 9 + 0*k. Determine h(w).
6
Let n(v) = 19*v**3 + 0 + 0 - 20*v**2 + 19*v**2. Let j = -22 + 37. Suppose -5*m = 3*a + 23, -j = 3*a - 0*a + 3*m. What is n(a)?
-20
Let q(m) be the second derivative of -2*m**3/3 + m**2 - 275*m. Give q(4).
-14
Let p(z) = -z**2 - z + 2. Let l(n) be the third derivative of -1/4*n**4 + 1/3*n**3 + 1/60*n**5 - 2*n**2 + 0 + 0*n. Let j be l(5). Determine p(j).
-4
Let m(o) = -91*o**2 - 90*o**2 - 1 + 179*o**2. Calculate m(1).
-3
Suppose 5*z + 4 = -6. Let a be (1/(-4))/(z/8). Let r(t) = 26*t**2 - 4*t + 9. Let l(w) = 13*w**2 - 2*w + 4. Let d(f) = -7*l(f) + 3*r(f). Give d(a).
-12
Let n(b) = -b**2 - 5*b + 3. Suppose 5*o + 5 - 21 = x, -2*x - 10 = o. Let c be -2 + 14/x - (-2)/6. Give n(c).
7
Let q(f) = f. Let b(v) = 5*v + 3. Let r(o) = b(o) - 6*q(o). Calculate r(-2).
5
Let k(g) = -10*g. Let v(p) = 5*p**2 - 17*p + 16. Let l be v(2). Give k(l).
-20
Let x = 245 - 245. Let j(h) be the third derivative of 0*h + 0 + 1/120*h**6 - 1/10*h**5 + 7*h**2 + 2/3*h**3 + x*h**4. What is j(6)?
4
Let o(q) be the third derivative of -q**5/120 - q**4/8 + 16*q**3/3 + 36*q**2. Let a(d) be the first derivative of o(d). Determine a(-6).
3
Suppose -5*s = -11*s + 42. Suppose 3*x - v - v - 50 = 0, -x = 2*v - 14. Let z(r) = 8*r - x*r + 7 + s*r. What is z(8)?
-1
Let r(y) = -4*y**2 + 25*y + 9. Let d(h) = 7*h**2 - 2. Let v(j) = -20*j**2 + j + 6. Let q(a) = -17*d(a) - 6*v(a). Let s(l) = -9*q(l) - 2*r(l). Give s(4).
0
Let g(r) = r**3 - 5*r**2 - 6*r. Suppose 2*c - 3*j - 24 = 0, c - j - 2 = -2*j. Let n = 12 - c. Let s be g(n). Let o(t) = -t**2 - t - 7. What is o(s)?
-7
Let z(t) = 64*t + 908. Let q be z(-14). Let w(v) = -v**2 + 14*v - 22. What is w(q)?
2
Let i(k) = -3*k + 11. Let b(c) = c**2 - 9*c - 31. Let g be b(12). What is i(g)?
-4
Let i be 20/(-16) + 6/(-8). Let l be i*(3/(-1) + 2). Let g(f) = -6*f**2 - 2 - l + f**3 + 0*f + 6*f. What is g(5)?
1
Let a(g) = g**2 - g + 9. Let y(d) = -18*d**2 + 5*d - 46. Let b(k) = -5*a(k) - y(k). Let o be (-6)/21 - 18/(-14). Calculate b(o).
14
Let z be (1 - -4) + 4/(-12 + 8). Let m(f) = f**3 - 4*f**2 + 2*f + 5. Calculate m(z).
13
Let p(r) = r**3 - 7*r**2 + 6*r + 2. Let h(v) = -v**2 + 6*v - 3. Let b be h(3). Let d be p(b). Suppose 5*z + 12 - d = 0. Let a(l) = -7*l + 1. What is a(z)?
15
Let k = -127 - -130. Let y(d) = d**3 + 13 - 4 + 11*d**2 - 10*d - 2*d**k - 2*d. Give y(10).
-11
Let a(v) = 3*v**2 + v. Let n be a(1). Let f = n + -2. Let d(p) = 2 + 3 - p + 3*p**f + 5*p - 2*p**2. Determine d(-5).
10
Let g(h) be the second derivative of h**5/20 + h**4/12 - h**3/6 - h**2/2 - 7*h + 14. Let v be (-2)/(-9) + (-29)/9. Determine g(v).
-16
Let g(f) = f**2 - 5*f - 5. Let a be (-78)/(-195) - ((-207)/15)/3. Calculate g(a).
-5
Let y(z) = z**2 - 16. Let g(m) = -3*m**2 - 3*m + 66. Let p(n) = -g(n) - 4*y(n). What is p(2)?
0
Let w(l) = 2*l - 15. Let t(i) = -6*i + 42. Let q(x) = 6*t(x) + 17*w(x). Let z be -6 + (3 + -2)/1. Calculate q(z).
7
Let o(p) = -p**2 + 12*p. Suppose -2*s + 3*f - 2 = -12, 0 = f - 4. Determine o(s).
11
Let w = -69 + 120. Let g(a) = 4*a + 2. Let p(y) be the third derivative of -11*y**4/8 - 17*y**3/6 - y**2 - 10*y. Let k(q) = w*g(q) + 6*p(q). What is k(1)?
6
Let g(h) be the first derivative of h**3/3 + 5*h**2/2 + 6*h + 42. What is g(-3)?
0
Let r(z) = 7*z**3 + 0*z**3 - z**3. Suppose 2*j + 7*j = 18. Suppose -13 + 11 = -j*x. What is r(x)?
6
Let p(t) = 2*t**2 - 4*t + 2. Let r be (1 - 0)*114/19. Let j(o) = -2*o + 14. Let h be j(r). Calculate p(h).
2
Let i(p) be the third derivative of -p**6/120 + p**4/24 + p**3 - 11*p**2. Let g be i(0). Let k(d) = g + 5 - 1 - 4 + 3*d. Give k(-6).
-12
Let p(x) = 10*x - 3. Suppose 0 = -7*i - 2*i + 18. Calculate p(i).
17
Let t(c) be the third derivative of 0*c + 2/3*c**3 - 1/24*c**4 - 2*c**2 + 0. Suppose -2*p = 17 - 29. What is t(p)?
-2
Let f(v) = -5*v**2 + v + 3. Let a(j) = -22*j**2 + 3*j + 10. Let i(m) = -2*a(m) + 9*f(m). Let c(o) = 5*o**2 + 1. Let y be c(1). Let t = 12 - y. Give i(t).
-11
Let m be (0 - -23)*4*(-2)/4. Let x = m + 43. Let t(d) = 2*d**2 + 3*d - 2. Determine t(x).
7
Suppose 11*l = 9*l - g - 27, 0 = -l - 3*g - 16. Let w(u) = -u - 14. Give w(l).
-1
Let i(o) = -o**3 + 8*o**2 + 9*o - 2. Let z(b) = -3*b**2 + 48*b + 9. Let h be z(16). Determine i(h).
-2
Let z be 0/(-2) + (-72)/9. Let o(n) = -n**2 - 4*n - 2. Calculate o(z).
-34
Suppose 5*s = a - 23, 3*s = 2*s - 4. Let n(d) = -7*d + 1. Let f be n(-1). Let c(t) = t**2 - 8 - 2*t + f. Calculate c(a).
3
Let q be (-9 + (-243)/(-18))*114/27. Let b(n) = -n**2 + 22*n - 57. Give b(q).
0
Let a be (1 - 0)/(16/(-160)). Let h(s) = s**2 + 10*s + 3. Let l be h(a). Let z(o) = -8*o**2 + 9*o**2 + o - 1 - 3*o + l*o. What is z(0)?
-1
Let v(t) = t**2 + 28*t + 4. Let z(j) = -4*j - 1. Let s(g) = -v(g) - 6*z(g). Calculate s(-7).
-19
Let i(d) = 11*d - 6. Suppose 0 = 157*p - 166*p + 36. What is i(p)?
38
Let o(v) = v**2 - 9*v + 4. Suppose -5*y + 8*y - 24 = 0. Let r be o(y). Let j(p) = p**3 + 5*p**2 + 5*p + 4. Give j(r).
0
Let m(q) = q**3 + 7*q**2 - 8*q + 11. Suppose -5*x + 10 = 5. Suppose 0 = -3*w + 5*p - 35 + x, 4*w + 5*p + 22 = 0. Determine m(w).
11
Let l(o) = 24*o**2 + o - 10. Let d(t) = 16*t**2 + t - 7. Let a be ((-147)/28 - -7)*2*-2. Let n(j) = a*d(j) + 5*l(j). Give n(-1).
9
Let g(u) = -47 + 10 + 7 + 29 + 3*u**2. Calculate g(3).
26
Let t(p) be the second derivative of p**5/20 + p**4/3 - p**3/6 - 2*p**2 + p. Let i be t(-4). Let a(c) = -7 - 151*c - 6*c + 158*c. Determine a(i).
-7
Let r(m) = 8 + 2 + 20*m + 4 - 34*m + 15*m. Determine r(-13).
1
Suppose -2*n + 5*o = -9, o - 4*o + 83 = 4*n. Let j = 23 - n. Let c(z) = 3 + 5*z - 4*z + 2*z - 4*z. Give c(j).
-3
Let a(d) be the third derivative of -2*d**5/15 + d**4/24 - d**3/6 + 2*d**2. Let x(j) = -j**2 - 2*j + 10. Let u be x(-7). Let r = -24 - u. What is a(r)?
-8
Let s(k) = -k**2 - 2*k + 2. Let p be s(-2). Let b(n) = -4*n + 2*n**2 - 2 - 1 + p*n. Let l = -399 - -402. Calculate b(l).
9
Suppose -4*s = 2*j - 2, -5*j + s = 6*s - 5. Suppose -j = -6*q - 25. Let r(l) = l**2 + 5*l - 1. Determine r(q).
-5
Suppose 4*o + 5*s = -0*s + 48, 0 = 5*o + 2*s - 43. Suppose -2*c - 2*c = f + 9, 2*f - 22 = 2*c. Let m(g) = -o + f + g. Calculate m(1).
1
Let u(c) = -3*c - 14. Let p(v) = 3*v**3 + 19*v**2 + 8*v + 4. Let m be p(-6). Give u(m).
10
Let t(x) = -146*x**3 - 16 + 18 + 147*x**3. Let y = -6 - -4. Determine t(y).
-6
Let q(n) = -3 + 0 - 15*n**2 - 23*n**2 + 3*n + 39*n**2 - 2. Suppose c - s - 10 = -6*s, 5*c - 2*s + 31 = 0. What is q(c)?
5
Let n(p) be the third derivative of 2*p**4/3 + p**3/6 + 143*p**2. Give n(-1).
-15
Suppose 2*d = -d + 4*v - 2, 5 = -5*v. Let k(q) = -3*q. Determine k(d).
6
Suppose -o - 2*u = -16, -6*u + 25 = -u. Suppose 2*v + 4*b = 3*b + 6, -10 = -v - 4*b. Let f(w) = 7 - 2 - 1 + 0*w - v*w. Give f(o).
-8
Suppose 0 = -3*n + 23*n + 3*n. Let c(b) = -3*b**2 + 5*b - 3*b - 7 + 4*b**2 - 3*b. Determine c(n).
-7
Suppose -2*z - 27 + 9 = 0. Let x(g) = 2*g**3 + 8*g**2 - g**3 - 70*g + 5 + 29*g + 32*g. Give x(z).
5
Let h(p) = 9*p - 7. Suppose -2*n = 3*n - 35. Let v(t) = 4*t - 3. Let z(f) = n*v(f) - 3*h(f). Determine z(0).
0
Let u(i) = 3*i**2 + 2. Let w(d) = 8*d**2 + 2*d + 13. Let m(l) = 6*u(l) - w(l). What is m(-2)?
43
Let z = 626 + -626. Let r(h) be the first derivative of -h**3 + 4*h + z*h**2 + 4 + 1/4*h**4. Calculate r(3).
4
Let f(r